z.
761
Let z(w) = 6*w**3 - 132*w**2 + 24*w + 39. What are the prime factors of z(23)?
3, 5, 251
Let b(g) = 85*g + 843. List the prime factors of b(18).
3, 7, 113
Let s = -231 - -502. Let o = s + -239. List the prime factors of o.
2
Let u(h) = h**2 + 30*h + 8. Let o be u(-28). Let i = 461 - o. What are the prime factors of i?
509
Let h(n) be the third derivative of -n**5/60 - 7*n**4/24 + 2*n**3/3 - 7*n**2. Let y be h(-6). What are the prime factors of (5/y)/(1/72)?
2, 3
Suppose 28*s - 315 = 23*s. Suppose -68*w + 180 = -s*w. What are the prime factors of 1287/w - 9/12?
5, 7
What are the prime factors of -30801*(-20)/15*(4 + -2)/4?
2, 10267
Suppose 136 = -2*q + 19*q. What are the prime factors of -2230*q/(-8 - 8)?
5, 223
Let w be (-5)/((-325)/10) - 21474/(-13). Suppose -a = 4, 5*a = -k + w - 157. List the prime factors of k.
3, 5, 101
What are the prime factors of 26/(-42) + (-87)/(-261) + (-160458)/(-14)?
73, 157
Let f = 1198 - 688. Suppose 4062 = 3*s + f. What are the prime factors of s?
2, 37
Let t(j) = -30*j + 6. Let g(z) = -75*z + 15. Let v(q) = 5*g(q) - 12*t(q). Let o be v(-5). Let s = o + -30. What are the prime factors of s?
2, 3
Suppose 469 = 7*b - 5*t, 3*t - 103 = -21*b + 19*b. Let r = -5 - -3. Let k = b + r. List the prime factors of k.
2, 3, 5
Let s(x) = -7*x + 76. Let c be s(24). List the prime factors of 2*-1*35466/c.
3, 257
Let s = -12 - -16. Suppose s*r + b + 4 = 24, 4*r + 5*b = 36. List the prime factors of 2496/72*2/r*3.
2, 13
Suppose 4*b - 3*q = 24743, 4*b - 9228 = -4*q + 15536. List the prime factors of b.
2, 7, 13, 17
Let h = 44 + -38. Let o be 30/9*h/5. Suppose -3*p - 5*v + 194 = 0, 4*p - 247 = o*v - 31. List the prime factors of p.
2, 29
Suppose 2*t + 4*o = 16818, 0 = -18*t + 14*t - 2*o + 33606. What are the prime factors of t?
37, 227
Let s(i) = 294*i + 33. Let t be s(4). Let r = -764 + t. List the prime factors of r.
5, 89
Let n be -24*(-8)/(-128)*-4. List the prime factors of 8 + (436 + -9 - n).
3, 11, 13
What are the prime factors of (-484)/33 + 16 + (0 - 5816/(-3))?
2, 5, 97
Suppose 35*d + 31*d - 1209252 = 0. What are the prime factors of d?
2, 9161
Let j(q) = 47*q + 3161. What are the prime factors of j(0)?
29, 109
Suppose 11*v + 237966 = 15*v - 5*l, 297390 = 5*v + 5*l. What are the prime factors of v?
2, 3, 4957
Suppose 0 = -2*z + 1 + 3. Suppose 2 = -4*a - z, 4*a = -3*q + 11. Suppose -q*h - 205 = -1155. List the prime factors of h.
2, 5, 19
Let x be (2 - 46/8)/((-36)/48). Suppose -9212 = -x*p + 3*a, -6*a + 7*a - 9216 = -5*p. List the prime factors of p.
19, 97
Let j(y) = 10*y + 49*y**2 - 46*y**2 - 6*y - 9. What are the prime factors of j(-6)?
3, 5
Suppose 34 + 10146 = 2*b. List the prime factors of b.
2, 5, 509
Suppose 0 = -4*k + 3*q + 108, k - 5*q = -0*q + 10. Suppose -4*l - k = -l. Let f(o) = o**2 + 6*o + 14. What are the prime factors of f(l)?
2, 3
Let j = 84 + -435. Let q = j - -669. What are the prime factors of q?
2, 3, 53
Let w(i) = i**3 + 6*i - 18. Let v be w(2). Suppose -2*g = 3*y - 2914, 778 + 1160 = v*y - g. List the prime factors of y.
2, 5, 97
Let o(f) = -f + 5. Let i be o(0). Suppose i*j - 310 - 570 = 0. What are the prime factors of (-4)/14 - j/(-28)?
2, 3
Let n(l) = 10128*l**2 + 120*l + 121. What are the prime factors of n(-1)?
7, 1447
Let w(t) = 1353*t**2 + 95*t + 31. What are the prime factors of w(5)?
11, 3121
Suppose -3*n + 2366 + 21717 = 2*f, -2*n - 24088 = -2*f. List the prime factors of f.
12043
List the prime factors of 24327/(-3604)*(-6548)/3.
3, 1637
Let t(d) = -522*d - 2554. What are the prime factors of t(-47)?
2, 5, 7, 157
Let q(z) = -12*z - 23. Let y(l) = -4*l**2 - 4*l - 3. Suppose -2*p - 25 + 12 = -3*v, 0 = -2*p + 2*v - 10. Let k be y(p). List the prime factors of q(k).
109
Let o(j) = -j**2 + 11*j - 26. Let z be o(5). Suppose -z*p = 4*x - 84, 4*p + 0*p - 67 = -3*x. Let s(l) = 2*l**2 - 30*l + 4. List the prime factors of s(x).
2, 3
Suppose 4*h - 22376 = 2*t, 2*t = -3*h - 3991 + 20745. What are the prime factors of h?
2, 5, 13, 43
Let w = 113774 - 55267. List the prime factors of w.
41, 1427
Let s(k) = 2836*k + 861. What are the prime factors of s(6)?
3, 59, 101
Let i = 4245 + -13. Suppose -80 = 6*q - i. What are the prime factors of q?
2, 173
Let b = -21756 + 35711. List the prime factors of b.
5, 2791
Suppose 2*o = -5*a + 18 + 20, -24 = -4*o + 3*a. List the prime factors of ((-3302)/(-39) - 0/2)*o.
2, 3, 127
Let q = -2 + 1. Let h(w) = -79*w + 560. Let x be h(7). List the prime factors of 350/x*5/(-2)*q.
5
Suppose -12*w - 516 = -0*w. List the prime factors of w*(2/(-1) + 4 - 3).
43
Suppose 0*p - 2*p - 3*l + 12175 = 0, -3*p - 5*l = -18259. List the prime factors of p.
2, 3049
Let a be (-67)/4 + 6/8. Let y be (0 - a/3)/((-12)/36). List the prime factors of (-2)/(-8) - 1676/y.
3, 5, 7
Let u = 18215 + -5112. What are the prime factors of u?
13103
Let u be (6/(-8))/((-167)/56 + 3). Let t be (-4 - (0 + u))*1. Suppose 189 + t = 2*j + 3*v, -v + 114 = j. What are the prime factors of j?
5, 23
Let w(b) be the third derivative of b**6/40 + b**5/30 + b**4/8 + 2*b**3/3 - 604*b**2. Suppose z + 4 = 3*v - 4*z, -2 = -2*z. What are the prime factors of w(v)?
2, 7
Let l be (-10964)/(-14) - (-3 + 110/35). Let h = -197 + l. List the prime factors of h.
2, 293
Suppose -3*i + 1814 + 936 = -2*b, -4*b = 4*i - 3700. What are the prime factors of i?
2, 5, 23
Suppose 5*q - 3*o - 77439 = 0, -6*q + 53016 = o - 39943. What are the prime factors of q?
2, 3, 1291
Suppose -9 = 5*x - 2*x. Let r be 6*x/6 - -5. Suppose 4 - 76 = -r*l. List the prime factors of l.
2, 3
Let n(c) = -6255*c - 7315. List the prime factors of n(-3).
2, 5, 229
Suppose 0*l = -l. Let m(i) = -15*i + 86 - 2*i + 18*i. What are the prime factors of m(l)?
2, 43
Suppose 2*d + 283 = 777. What are the prime factors of d?
13, 19
Let h(a) = 297*a + 1034. What are the prime factors of h(21)?
11, 661
Suppose 3*t - 3*m = 14970, t - 5*m - 632 - 4378 = 0. What are the prime factors of t?
5, 997
Suppose 4*z = p + 142, -p - 101 - 6 = -3*z. Let m = 39 - z. Suppose -m*v = -70 - 70. What are the prime factors of v?
5, 7
Let j be (-4)/22 - (-4)/(-22)*32. Let a be (-1359)/(-6)*((-2)/j - 1). Let r = 262 + a. What are the prime factors of r?
3, 37
Let a = -6482 + 15550. List the prime factors of a.
2, 2267
Suppose 0 = -3*l + 9, 3*j + 3*l = 15 + 6. Suppose 0 = j*x + 70 - 874. List the prime factors of x.
3, 67
Let l(a) = 24*a**2 - 2*a - 2. Let g(x) = -25*x**2 + x + 1. Let i(n) = 3*g(n) + 4*l(n). Suppose -7*z + 8346 = 8360. List the prime factors of i(z).
89
Let k(p) = p + 5. Suppose 2*f = -f. Let l be k(f). Suppose -l*w + 256 = -w. What are the prime factors of w?
2
Let u = -6627 - -9937. What are the prime factors of u?
2, 5, 331
Suppose r - 9658 = 3*s, -4*s = -5*r + r + 38608. What are the prime factors of r?
9649
What are the prime factors of (5*337268/(-80))/((-7)/28)?
84317
Let d(y) = -13*y - 3. Let b(c) = -c. Let u(g) = 24*b(g) + 3*d(g). Let x be 6/(-15)*(4 + 1). What are the prime factors of u(x)?
3, 13
Suppose 173 = -2*v + 143. What are the prime factors of (457/(-5))/((-1 + 4)/v)?
457
Let d = 522 + -312. Suppose d*n = 211*n - 847. What are the prime factors of n?
7, 11
Let v(h) be the second derivative of -28*h + 4/3*h**3 - h**2 + 0. What are the prime factors of v(12)?
2, 47
Let z(l) = 326*l**2 - 14*l - 5. What are the prime factors of z(4)?
5, 1031
Suppose y + 0*y - 27163 = -9675. List the prime factors of y.
2, 1093
Let b(u) = 3*u**2 + 41*u - 124. What are the prime factors of b(-37)?
2, 3, 137
Suppose -3*k - 2*w + 2037 = -5*w, -2761 = -4*k - 5*w. Suppose -2*c = b - k, -2*c = c + 5*b - 1033. List the prime factors of c.
11, 31
Let o be (17/3)/((-1)/(-2 - 1)). Let d = 6 + -6. Suppose -y + o + d = 0. What are the prime factors of y?
17
Let a(v) = -5*v**3 - 15*v**2 + 419*v - 32. List the prime factors of a(-22).
2, 5, 3673
Suppose 474539 - 2084004 = -55*b. List the prime factors of b.
13, 2251
Let s = -8948 - -15143. What are the prime factors of s?
3, 5, 7, 59
Suppose -146*v + 81*v = -33605. List the prime factors of v.
11, 47
Let p be (-264)/(-4)*(-70)/15. Let g = -195 - -76. Let s = g - p. What are the prime factors of s?
3, 7
Suppose p = t - 657, -p - 2*t - 672 = -0*t. Let m be (0 - 4/(-6))*-699. Let z = m - p. List the prime factors of z.
2, 7
Let n(b) = -